vative of k**6/120 + 13*k**5/60 + 5*k**4/8 + 11*k**3/2 - 150*k**2. Give g(-12).
-3
Let x(u) = 96*u**3 + 61*u**2 - 51*u - 130. Let f(g) = 35*g**3 + 21*g**2 - 17*g - 43. Let q(p) = 11*f(p) - 4*x(p). What is q(11)?
-8
Suppose -g + 5*g = 0. Let s(q) = -45*q**3 - 11*q**2 + 53. Let f(c) = -32*c**3 - 8*c**2 + 35. Let w(j) = 7*f(j) - 5*s(j). Give w(g).
-20
Let w(v) be the third derivative of -v**6/120 - 47*v**5/60 - v**4/8 - 137*v**3/6 - 1632*v**2. Calculate w(-47).
4
Let l(k) = 2*k**2 - 12*k + 24. Suppose -817 - 330 + 292 = -285*o. Calculate l(o).
6
Let b(v) be the second derivative of -v**4/12 - 4*v**3/3 - 7*v**2/2 - v. Let t = -493 + 616. Suppose -75 = -8*j - t. What is b(j)?
5
Let h(s) be the second derivative of s**5/10 - s**4/6 + 16*s**3/3 - 25*s**2/2 - 4*s + 3. Let w(v) = v**3 + 17*v - 13. Let g(d) = -4*h(d) + 7*w(d). Give g(7).
-5
Let h(z) = -2206*z + 45 + 6625*z - 2210*z - 2206*z. Determine h(-13).
6
Let w(i) = -i**2 - 7*i + 10. Suppose 0 = -5*k - 185 - 1245. Let l = k + 278. Give w(l).
2
Let j(c) be the second derivative of -7*c**4/4 - c**3/2 - 3*c**2/2 + 842*c. Determine j(-1).
-21
Suppose 2*m + 1 = -1, 2*m = -3*s - 17. Let w(k) be the first derivative of -k**2 + 5*k - 1/3*k**3 + 13. Calculate w(s).
-10
Let q(r) = 2*r**2 + 4*r + 9. Let i be q(-7). Suppose 5*w - i = -19. Suppose 6*d - w = 2*d. Let n(h) = h**2 + h - 1. What is n(d)?
11
Let z be (8/3)/(1/3). Let x(i) = 5*i**2 + i + 3. Let r(t) = -19*t**2 - 16*t. Let m(d) = r(d) + 4*x(d). Calculate m(z).
-20
Let o(k) = 0*k + k + 0*k. Let j be ((-116)/16 + -3)/((-3)/12). Let t(h) = -h**3 + 40*h**2 + 42*h - 41. Let x be t(j). What is o(x)?
0
Let g(d) be the third derivative of -d**6/120 - d**5/10 + d**3 + 1416*d**2. Let m = 0 + -6. Determine g(m).
6
Let n be (-70)/(-56)*40/25. Let h(a) = 15*a - 5*a - 3 + 1 - 1 - 8*a + a**2. What is h(n)?
5
Suppose -5*t + 7*t = 5*d - 85, 45 = 2*d - 3*t. Let o(q) = 2*q**2 - 28*q - 16. Give o(d).
14
Suppose -7*v + 4*v = 126. Let b = v - -42. Let o(c) = 278*c - 284*c + c**2 - 9 + b. Give o(7).
-2
Let t(k) = k**2 - 11*k - 3. Suppose 0 = -44*c + 33*c + 77. What is t(c)?
-31
Let o(s) = 45*s - 3. Let w(j) = 124*j - 7. Let z(p) = 11*o(p) - 4*w(p). What is z(3)?
-8
Let t = 41 - 20. Suppose -24*j = -t*j + 102. Let i = j - -33. Let r(u) = -10*u**2 - 1. Give r(i).
-11
Let c(w) be the second derivative of w**4/6 - w**3/6 - 10*w. Let t(j) = j**3 - 14*j**2 - 14*j + 16. Let l be t(15). Let x = l - 33. Give c(x).
10
Let y(v) = -12 + 13 - 62 + 17 + 34*v. Determine y(1).
-10
Let i(j) = 4*j**2 + 13*j + 14. Let b(u) = u**3 + 52*u**2 + 181*u - 530. Let p be b(-48). What is i(p)?
4
Let t(f) be the third derivative of f**4/24 + f**3/6 + f**2. Let k(g) = g**2 + 9*g + 15. Let a be (18/(-8))/(33/88). Let c be k(a). What is t(c)?
-2
Suppose -7*y + 20 = 3*y. Let z(b) = -2*b**2 - 13 + 12 + 0*b**2 - b**y. What is z(-1)?
-4
Let r(n) = -24*n - 131. Let g(j) = -13*j - 99. Let z(t) = -5*g(t) + 3*r(t). Determine z(17).
-17
Let p be 5 + -3*3/(-9). Let y be (-6 - -4)*p/4. Let b(c) be the second derivative of -c**3/6 - 2*c**2 + c + 5. Determine b(y).
-1
Let w(n) = n**3 - 3*n**2 - 6*n + 5. Let y = 102 - 99. Suppose 2*c - x = 7, -5*c + y*x + 10 = -8. Suppose u + 10 = c*q, -q + 2*u + 16 = 4*q. Calculate w(q).
-3
Let f(w) = 20*w + 13. Let b be 1 + 88/9 + 14/63. Let k(g) = -11*g - 6. Let v(i) = b*k(i) + 6*f(i). Suppose -2*l + 11 = -l. Calculate v(l).
1
Let s = -152 - -155. Let j be (-2*s/7)/((-10)/(-70)). Let f(i) = i**2 + 4*i - 4. Determine f(j).
8
Let j = 854 + -851. Let b(w) = -3*w + 2. Let v(h) = -13*h + 9. Let t(l) = -18*b(l) + 4*v(l). Calculate t(j).
6
Let i(o) = o**3 + o**2 - 6*o + 6. Let l(n) = 66*n**2 - 193*n**2 + 65*n**2 + 61*n**2. Let g(w) = i(w) + 4*l(w). Calculate g(4).
-2
Let s(d) = -20*d + 1003. Let m(v) = -4*v + 203. Let x(i) = 11*m(i) - 2*s(i). Calculate x(56).
3
Let v = 100 + -110. Let u(k) be the third derivative of k**6/120 + 11*k**5/60 + 5*k**4/12 - 46*k**2. Calculate u(v).
0
Suppose -h - 22 = 5*i, 2*i + 19 = -21*h + 24*h. Let j(q) be the third derivative of -q**6/120 - 7*q**5/60 - 11*q**4/24 - q**3/6 + 2*q**2 + 14*q. Give j(i).
4
Let a(d) = 2*d**2 + 3*d - 4. Suppose 20*j + 18377 = 18457. Determine a(j).
40
Let i(r) = 6*r - 93. Let d(g) = -2*g**3 - 184*g**2 + 3*g + 284. Let w be d(-92). What is i(w)?
-45
Let q(r) be the first derivative of r**4/2 - 37*r**3/3 - 21*r**2/2 + 34*r - 1177. Calculate q(19).
-4
Let l(j) = 26*j**3 - 24*j - 68*j**3 + 38*j + 14 + 21*j**3 + 19*j**2 + 23*j**3. Determine l(-9).
-31
Suppose m - n - 28 = -3*n, 4*m = -n + 112. Suppose 12*a + m + 8 = 0. Let f(u) = u**3 + u**2 - 2*u - 2. What is f(a)?
-14
Let a(w) be the second derivative of w**4/6 - w**3/6 + 2*w**2 - 44*w. Let g = -10 - -13. Let q(x) = x**2 - 2*x + 4. Let p(b) = g*q(b) - 2*a(b). Calculate p(-4).
4
Let y(j) = 8*j**2 + j + 23. Let l(x) = -5*x**2 - 13. Let m(o) = -5*l(o) - 3*y(o). Calculate m(6).
14
Suppose 4*k + 24 = k. Let g(n) = -35541*n - 19 + 28 + 17768*n + 17769*n - 9*n**2 - n**3. Determine g(k).
-23
Suppose -2*x - 470 = -460. Let s(p) = 13*p + 30. Let a(n) = 6*n + 15. Let d(k) = 9*a(k) - 4*s(k). Determine d(x).
5
Let m(z) = -2*z. Let f(p) be the third derivative of p**4/24 + 5*p**3/3 - 2*p**2. Let n be f(-5). Suppose 7*w - 3*y + 16 = 3*w, n*w + y = -1. Give m(w).
2
Let p = -42 - -47. Suppose 2*v - p = -3*v. Let k(b) = 2 + 0*b - b + v. Determine k(8).
-5
Let i(z) be the first derivative of -5*z**4/2 - z**3/3 + z - 4313. Let v(x) = x**2 + 4*x - 6. Let g be v(-5). Give i(g).
10
Let a(n) = -12*n**2 - 29*n - 18. Let l(s) = 17*s**2 + 43*s + 26. Let u(b) = 7*a(b) + 5*l(b). Give u(-11).
-7
Suppose s + p = -4*s + 30, -s = 3*p + 8. Let k(r) = 2*r + 21. Let g(i) = i + 4. Let u(b) = -3*g(b) + k(b). Calculate u(s).
2
Let u(j) = -j - 4. Let n be u(2). Let f(r) be the first derivative of r**2 + 19*r - 613. Determine f(n).
7
Suppose -2*m - 5*a + 6 = 0, -m = -0*m - a + 11. Let f(g) be the second derivative of 1/2*g**3 - 1/20*g**5 - 10*g + 5*g**2 + 0 - 7/12*g**4. Give f(m).
-11
Let w(u) be the first derivative of u**4/4 - u**3/3 + 3*u**2 - u + 15225. Determine w(2).
15
Let i(a) = 2*a**2 - 49*a - 51. Let j be i(25). Let r be (-4)/(-8)*(-2 - j) + -1. Let d(t) = t**2 - 10*t - 8. Calculate d(r).
3
Let c(z) be the second derivative of z**4/6 + 2*z**3/3 - 5*z**2 - 1418*z. What is c(0)?
-10
Suppose -13 = 4*d - 65. Let f(z) = -2*z + 2 + 10 + 9. Let y be f(d). Let j(m) = 2*m + 6. Determine j(y).
-4
Suppose 8396 = 33*v + 28625. Let o = v - -619. Let r(m) = -5*m + 8. Calculate r(o).
-22
Let r(j) = -39*j - 67. Let n(y) = 11*y + 4. Let w(p) = 3*n(p) + r(p). Calculate w(-21).
71
Let h(n) be the second derivative of -5/6*n**3 + 0 - 73*n - 1/2*n**2. Suppose -5 + 1 = -4*y. Calculate h(y).
-6
Suppose -15*b - 39 = -28*b. Let q(v) = 7*v**2 + v**3 - v**2 - 2*v**b - 4 - 7*v**2. Determine q(-3).
14
Let f(r) = -2*r - 11. Let j(h) = -h**2 + 35. Let k be j(-6). Let z = -8 + k. Give f(z).
7
Let b be (-14)/(-5) - 1/(4 + -9). Let i(z) = 43 + 8*z + 47 + 36 - 133. What is i(b)?
17
Suppose 3*i = -57 + 66. Let q(k) = -k + 3. Let g be q(i). Let t(n) = 11*n + 1 + g - 1. What is t(-1)?
-11
Let v(s) = -7*s**2 - 5*s - 13. Let t(w) = -11*w**2 - 3*w - 13. Let y(n) = -2*t(n) + 3*v(n). Calculate y(10).
-3
Let h(g) be the second derivative of g**4/12 - 53*g**2/2 + g + 623. Determine h(0).
-53
Let s = -48 - -53. Suppose s*m - 5*j = -40, 2*j = -5*m + 3*j - 20. Let n be 4/(-12)*(2 - (m + 5)). Let f(a) = -a**2 - a - 10. Give f(n).
-10
Let s(b) be the third derivative of -b**6/60 - b**5/30 + b**3/6 + 21*b**2. Let u(o) = -o + 4. Suppose 0 = -5*w + 5 + 20. Let l be u(w). Give s(l).
1
Let u(l) = 9 - 292*l**2 - 170*l**2 - 14*l + 461*l**2. Determine u(-16).
-23
Let h(a) = -a**3 + 7*a**2 + 11*a + 10. Let s = 997 + -988. What is h(s)?
-53
Let i be 12 + 1*2/2. Let a(v) = 25*v**3 + 43*v**2 + 49*v - 24. Let o(l) = 7*l**3 + 14*l**2 + 16*l - 9. Let t(f) = 2*a(f) - 7*o(f). Calculate t(i).
2
Let x(w) = -w**3 + 5*w**2 - w - 2. Let f(p) = -p - 1. Let j be f(-3). Suppose m - 6 = -j*v, 2*v - 4 + 14 = 3*m. What is x(m)?
10
Let y(i) = 1 - i**3 + 2*i**2 - 1 - 1. Let s = 50 + -48. Suppose -s*p - 4*m = -5*p + 23, 0 = 3*p + m + 2. Give y(p).
0
Suppose -5*t + 2 = x, 2*x - 6 = 3*x - 3*t. Let k(c) = 99*c**3 - 34 + 17 + 3*c**2 - 98*c**3 - 4*c + 13. What is k(x)?
8
Let m(w) = 331*w. Let 